sor of m and 1?
1
Suppose -5*v + 11*v - 480 = 0. Let x be (((-1071)/(-12))/7)/((-21)/(-140)). Let p = 95 - x. What is the greatest common factor of p and v?
10
Let w(f) = -f**2 - 27*f + 203. Let v be ((-29)/((-87)/(-198)))/2. Let z be w(v). What is the highest common factor of 5 and z?
5
Let u be 840/630 - (2 + (-2378)/3). Calculate the greatest common divisor of 495 and u.
99
Suppose n = -3*n + 8, 0 = -h + 3*n + 129. Suppose -8*u + 5*u = -h. Calculate the highest common divisor of u and 105.
15
Let b = -13300 - -13318. Let y be (-4)/10 + 1904/35. Calculate the highest common divisor of y and b.
18
Suppose 0 = -41*j + 823 + 694. Suppose 22*i - j*i + 4410 = 0. Calculate the highest common factor of 6 and i.
6
Suppose 5*f = -h - 617 + 756, -6*h = -4*f - 732. Calculate the highest common factor of 1829 and h.
31
Let g = 111 - 66. Let r be (-1*(-160)/(2/1))/((-44)/(-66)). Calculate the greatest common factor of g and r.
15
Suppose -7*b - 2016 = -54*b - b. Suppose y - 3 = 1, -3*y + 6 = -3*t. What is the greatest common divisor of t and b?
2
Suppose -3*q - 2084 = -7739. Let f be ((-6)/5)/((-26)/q). Let i(d) = 4*d - 63. Let o be i(23). Calculate the highest common factor of f and o.
29
Suppose -5*k = -5*u + 320, 3*u - 17*k + 21*k = 157. What is the greatest common factor of u and 5959?
59
Let a(x) = 75*x - 314. Let h be a(7). Let t = 269 - h. Calculate the greatest common factor of t and 319.
29
Let t(d) be the first derivative of -d**2 - 15*d + 85. Let s be t(-8). Calculate the greatest common divisor of 10 and s.
1
Let o(v) = 3*v**3 + 40*v**2 + 15*v + 61. Let w be o(-13). What is the greatest common factor of 17395 and w?
35
Suppose -h + 4*h + s - 69 = 0, 4*s = -5*h + 108. Let w be 6*2 - (-10 + -5 + 7). What is the greatest common divisor of w and h?
4
Let g(c) = c**2 - 15*c - 72. Let k be g(23). Let m = k - 93. What is the greatest common divisor of 665 and m?
19
Suppose s + 22083 = 22170. What is the greatest common factor of s and 841?
29
Let q be 14/(-245)*5 - 212/(-7). Suppose 8 = w + 47. Let i = -9 - w. What is the highest common factor of i and q?
30
Let n(v) = -2*v**3 + 7*v**2 + 3. Let l be n(6). Let k = l + 79. Let t = k + 128. What is the highest common divisor of t and 270?
30
Let v(s) = -3*s**3 + s**2 - 105*s - 386. Let z be v(-4). Calculate the greatest common divisor of 616 and z.
22
Let c = 673 + -653. Let x(a) = -4*a**2 + 79*a + 50. Let k be x(c). What is the highest common factor of 12 and k?
6
Suppose 10376 = 22*g - 1394. Let t = 680 - g. What is the greatest common divisor of t and 87?
29
Let p(c) = 113*c**2 + 105*c - 287. Let q be p(6). Calculate the highest common factor of 33 and q.
11
Let i = -186 - -314. Let w = 58 - i. Let c = 72 + w. Calculate the highest common divisor of c and 8.
2
Let v be 693/(-7)*((-21)/15)/(42/70). Calculate the highest common divisor of 561 and v.
33
Let i be ((-120)/35)/((-51)/119*10/45). Let x be (-4)/(-6) - 66/(-9). Suppose 0 = 4*a - 2*a - x. What is the highest common divisor of a and i?
4
Let k = 176 - 173. Suppose k*r - 4*b = -2*b + 744, -3*r + 735 = -5*b. Calculate the greatest common factor of 50 and r.
50
Suppose -9 + 0 = -j + 3*k, 0 = -2*j + 5*k + 16. Let i be 30*(1 + (3 - j)). Let m be ((-18)/(-5))/(4/i). What is the greatest common factor of 36 and m?
9
Suppose -6*h + 80 + 70 = 0. Suppose x - 3*q - 18 = 0, 5*x - h = -q + 3*q. Let b be (3/(-2))/(9/(-12)). Calculate the highest common divisor of b and x.
1
Let t = -2430 + 2905. Calculate the greatest common factor of 19 and t.
19
Let d = -5070 + 5079. Calculate the greatest common divisor of d and 5688.
9
Let t(u) = 1627*u - 14910. Let y be t(11). What is the greatest common divisor of y and 1133?
103
Suppose 6*y = 3*y - i + 6, 4*y + 3 = -5*i. Let t be (-40)/(-10) - (y - 94). What is the greatest common factor of 10 and t?
5
Let d = 14149 + -12448. What is the greatest common factor of 252 and d?
63
Let n = -978 + 1491. Let c be ((-3)/6)/((-1)/114). What is the highest common factor of n and c?
57
Let t(g) = -5*g - 5 - 5 - 2 + g**2. Let x be t(12). Let d = -10237 - -10285. Calculate the greatest common factor of x and d.
24
Suppose -1302 + 60 = -9*r. Let a(v) = -2*v**2 - 104*v - 188. Let w be a(-50). Calculate the greatest common factor of r and w.
6
Let p(x) = 10*x + 86. Let k be p(-5). Let r = k + -29. What is the highest common divisor of r and 161?
7
Let v = 7 + -14. Let r = 2 - v. Let u(p) = 6*p + 11. Let z be u(r). Calculate the highest common factor of 26 and z.
13
Let s(g) = -2*g + 9. Let i be s(4). Let z be ((-3103)/58)/(2/(-4)) - i. What is the highest common divisor of z and 53?
53
Let v = -123 - -143. Let s be (-4050)/60*v/(-6). Calculate the highest common factor of 135 and s.
45
Let k(r) = -2*r + 79. Let m be k(0). Suppose -m + 237 = 2*d. Let f = 117 - d. What is the greatest common factor of f and 114?
38
Suppose 29 = 3*w + 5*f, -3*w + 2*w = 4*f - 19. Suppose -15 = -4*c + c, w*r - 106 = c. Let z = -27 + r. Calculate the highest common factor of z and 110.
10
Let u be (-2 + 2)*(-5)/(-10). Let v(h) = h + 6. Let t be v(u). Let f be t/45 + 292/60. Calculate the greatest common divisor of f and 1.
1
Suppose 197*p = 203*p - 21408. Suppose 4*w = -4*f + 3604, 40*w - 36*w - p = 5*f. What is the greatest common divisor of w and 69?
69
Suppose 4*m + 5*a + 13 = 0, -39*m - 4*a = -38*m + 17. Suppose -4*i = 2*z - 830, 0*i = -5*i + m*z + 1054. Calculate the highest common factor of i and 19.
19
Let z(a) = -a**3 + a - 2. Let i(d) = -82*d**3 + 5*d**2 + 4*d + 3. Let y(b) = i(b) + z(b). Let c be y(-1). What is the highest common divisor of c and 96?
12
Suppose -5*r - 12*r + r = 0. Suppose 124 = 2*w + 4*u, -2*u - 2*u + 16 = r. Calculate the greatest common factor of w and 90.
18
Suppose -2*j + q + 934 = 0, 3*j - 3*q + 2324 = 8*j. Calculate the highest common divisor of 2 and j.
2
Let y be -16 - (-2 + -24)*1. Calculate the greatest common factor of 164 and y.
2
Suppose 10519 + 4221 = 44*m + 90*m. What is the highest common divisor of m and 187?
11
Let i be 6/4*19*2. Let b(c) = -254*c + 282. Let n be b(5). Let s = n + 1007. Calculate the highest common factor of i and s.
19
Let c be -37 + 49 + (2 - (2 - 1)). Let j = 715 + -390. What is the highest common factor of c and j?
13
Let o = -29379 - -32054. Calculate the greatest common factor of 1391 and o.
107
Let r(v) = 2*v**2 - 2*v - 3. Let b be r(-6). Suppose 0 = -136*h + 137*h + 2*x - 458, 0 = -h - 18*x + 666. Calculate the highest common divisor of b and h.
27
Let u(o) = -109*o**2 - 10*o - 13. Let r be u(-2). Let q = -349 - r. Calculate the greatest common divisor of 256 and q.
16
Suppose -43089 + 34136 = -4*f + 42143. Calculate the highest common divisor of 6 and f.
6
Let f = -408 - -192. Let o = 272 + f. What is the highest common divisor of o and 8?
8
Let y be (72/20 - (-30)/(-25))*60. Calculate the greatest common factor of 2064 and y.
48
Let g = 6 - 2. Let y(n) = -5*n + 8 + g - 34. Let x be y(-14). Calculate the greatest common factor of 6 and x.
6
Let l(t) = -5*t**3 + 6*t**2 + 3*t - 1. Let w be l(-4). Suppose -193*i + 185*i - 27 = -275. What is the greatest common factor of i and w?
31
Let a be ((-1)/(-1))/(0 - (-4)/544). Suppose a = 10*n - 6*n. What is the highest common factor of n and 119?
17
Let o(k) = k**3 - 4*k**2 + 3*k - 2. Let i be o(3). Let p be (-9 - i)*20/(-7). Let v = p + -8. What is the highest common divisor of v and 84?
12
Suppose -5*g = -4*d + 251, -5*g + 1728 - 1742 = -d. Let b be (-472)/(-6) - 2/(-6). What is the highest common divisor of b and d?
79
Let y be (-53120)/(-165) - 2/(-33). Calculate the highest common divisor of y and 1242.
46
Let o = 1821 + 681. Calculate the greatest common divisor of 9 and o.
9
Let u(i) = i**2 - 29*i + 44. Let n be u(32). Calculate the greatest common divisor of n and 28.
28
Let f(a) be the first derivative of -a**3 + 33*a**2 + 14*a + 61. Let r be f(22). Let n = 5 - 3. What is the highest common factor of n and r?
2
Suppose d + 29 = 7*d - 55. Calculate the highest common divisor of 3402 and d.
14
Let s = -11305 + 11662. What is the highest common divisor of s and 323?
17
Suppose 0 = -9*z - 91*z + 3000. What is the highest common divisor of z and 7710?
30
Suppose 266 + 64 = 22*s. Suppose -25 = 5*d, 0*d - 3*d = b + 10. Suppose 2*k = b*w -